{"id":2431,"date":"2022-07-04T09:09:49","date_gmt":"2022-07-04T09:09:49","guid":{"rendered":"https:\/\/lokalno.je\/pot-do-lokalne-hrane\/?page_id=2431"},"modified":"2022-10-10T11:21:52","modified_gmt":"2022-10-10T11:21:52","slug":"razvoj-storitev-ob-poteh","status":"publish","type":"page","link":"https:\/\/lokalno.je\/pot-do-lokalne-hrane\/razvoj-storitev-ob-poteh\/","title":{"rendered":"Razvoj storitev ob poteh"},"content":{"rendered":"<p>[vc_row css=&#8221;.vc_custom_1656925934257{padding-top: 50px !important;padding-bottom: 50px !important;}&#8221;][vc_column]<div class=\"text-center  organiko-title-tpl1 \">            <span class=\"organiko-subtitle\" >O projektu<\/span>\n            <h2 class=\"organiko-title\" >\n                Razvoj storitev ob poteh            <\/h2>\n        <\/div>[\/vc_column][\/vc_row][vc_row][vc_column width=&#8221;1\/4&#8243;][\/vc_column][vc_column width=&#8221;1\/2&#8243;][vc_column_text]<\/p>\n<h3>Naziv operacije: RAZVOJ STORITEV OB POTEH<\/h3>\n<p>Akronim: POTI<\/p>\n<p>Za\u010detek operacije: 1. 5. 2021<\/p>\n<p>Zaklju\u010dek operacije: 31. 12. 2022<\/p>\n<p>Projekt je nastal iz potrebe, da se ozna\u010di in okrepi ponudba ob Evropski kulturni poti Sv. Martina, ki ima vsako leto ve\u010d obiskovalcev, a ponudba ne sledi obisku. Ob tem se v prostoru ume\u0161\u010dajo nove evropske poti, kot so Evropske kulturne poti Reformacije, Eurovelo 13 in Evropska pe\u0161pot 7. Projekt omogo\u010da razvoj in izvajanje vsebin ter spodbuja k oblikovanju novih projektov za razvoj ponudbe ob Kulturni poti sv. Martina, Poteh Reformacije, Eurovelo 13, Evropski pe\u0161poti E-7 in navezujo\u010dih se poteh. Gre za poslovno prilo\u017enost za ponudnike ob poteh, ki ponujajo hrano, namestitvene kapacitete, tradicionalne izdelke, spominke, itd.<\/p>\n<p>S povezovanjem ponudbe bo projekt pripomogel k ohranjanju tradicije kmetovanja, vinogradni\u0161tva, tradicionalne in umetnostne obrti, pestrosti naravnega okolja ter k spodbujanju zasaditve tradicionalnih &#8216;luga\u0161ev&#8217; z tradicionalnimi in ekolo\u0161kimi sortami vinske trte. Predstavitev razvoja biolo\u0161kega vinogradni\u0161tva, mo\u017enosti predelave grozdja in uporabe vinske trte ter medu kot naravnega zdravila, pa spodbuja k nadaljnjemu razvoju produktov pode\u017eelja ob poteh.[\/vc_column_text][\/vc_column][vc_column width=&#8221;1\/4&#8243;][\/vc_column][\/vc_row][vc_row][vc_column width=&#8221;1\/4&#8243;][\/vc_column][vc_column width=&#8221;1\/2&#8243;][vc_column_text]<\/p>\n<p style=\"text-align: center;\">Povezave do spletnih strani:<\/p>\n<p style=\"text-align: center;\"><a href=\"https:\/\/ec.europa.eu\/info\/food-farming-fisheries\/key-policies\/common-agricultural-policy\/rural-development_sl\" target=\"_blank\" rel=\"noopener\">Evropska komisija \u2013 kmetijstvo in razvoj pode\u017eelja<\/a><\/p>\n<p style=\"text-align: center;\"><a href=\"https:\/\/skp.si\/\" target=\"_blank\" rel=\"noopener\">Program razvoja pode\u017eelja<\/a><\/p>\n<p style=\"text-align: center;\"><a href=\"https:\/\/lokalno.je\/pot-do-lokalne-hrane\/wp-content\/uploads\/2022\/07\/razvoj-storitev-po-poteh-predstavitev.pdf\" target=\"_blank\" rel=\"noopener\">Projekt &#8211; Razvoj storitev ob poteh<\/a><\/p>\n<p>[\/vc_column_text][\/vc_column][vc_column width=&#8221;1\/4&#8243;][\/vc_column][\/vc_row][vc_row][vc_column width=&#8221;1\/4&#8243;][\/vc_column][vc_column width=&#8221;1\/2&#8243;][vc_single_image image=&#8221;2412&#8243; img_size=&#8221;full&#8221;][\/vc_column][vc_column width=&#8221;1\/4&#8243;][\/vc_column][\/vc_row][vc_row][vc_column width=&#8221;1\/4&#8243;][\/vc_column][vc_column width=&#8221;1\/4&#8243;][vc_single_image image=&#8221;2392&#8243; img_size=&#8221;large&#8221; el_class=&#8221;smallMobileImage&#8221;][\/vc_column][vc_column width=&#8221;1\/4&#8243;][\/vc_column][vc_column width=&#8221;1\/4&#8243;][\/vc_column][\/vc_row]<\/p>\n","protected":false},"excerpt":{"rendered":"<p>[vc_row css=&#8221;.vc_custom_1656925934257{padding-top: 50px !important;padding-bottom: 50px !important;}&#8221;][vc_column][\/vc_column][\/vc_row][vc_row][vc_column width=&#8221;1\/4&#8243;][\/vc_column][vc_column width=&#8221;1\/2&#8243;][vc_column_text] Naziv operacije: RAZVOJ STORITEV OB POTEH Akronim: POTI Za\u010detek operacije: 1. 5. 2021 Zaklju\u010dek operacije: 31. 12. 2022 Projekt je nastal iz potrebe, da se ozna\u010di in okrepi ponudba ob Evropski kulturni [&hellip;]<\/p>\n","protected":false},"author":1,"featured_media":0,"parent":0,"menu_order":0,"comment_status":"closed","ping_status":"closed","template":"","meta":{"footnotes":""},"class_list":["post-2431","page","type-page","status-publish","hentry"],"_links":{"self":[{"href":"https:\/\/lokalno.je\/pot-do-lokalne-hrane\/wp-json\/wp\/v2\/pages\/2431","targetHints":{"allow":["GET"]}}],"collection":[{"href":"https:\/\/lokalno.je\/pot-do-lokalne-hrane\/wp-json\/wp\/v2\/pages"}],"about":[{"href":"https:\/\/lokalno.je\/pot-do-lokalne-hrane\/wp-json\/wp\/v2\/types\/page"}],"author":[{"embeddable":true,"href":"https:\/\/lokalno.je\/pot-do-lokalne-hrane\/wp-json\/wp\/v2\/users\/1"}],"replies":[{"embeddable":true,"href":"https:\/\/lokalno.je\/pot-do-lokalne-hrane\/wp-json\/wp\/v2\/comments?post=2431"}],"version-history":[{"count":6,"href":"https:\/\/lokalno.je\/pot-do-lokalne-hrane\/wp-json\/wp\/v2\/pages\/2431\/revisions"}],"predecessor-version":[{"id":2504,"href":"https:\/\/lokalno.je\/pot-do-lokalne-hrane\/wp-json\/wp\/v2\/pages\/2431\/revisions\/2504"}],"wp:attachment":[{"href":"https:\/\/lokalno.je\/pot-do-lokalne-hrane\/wp-json\/wp\/v2\/media?parent=2431"}],"curies":[{"name":"wp","href":"https:\/\/api.w.org\/{rel}","templated":true}]}}