{"id":2393,"date":"2022-06-29T07:19:14","date_gmt":"2022-06-29T07:19:14","guid":{"rendered":"https:\/\/lokalno.je\/pot-do-lokalne-hrane\/?page_id=2393"},"modified":"2022-12-13T13:43:31","modified_gmt":"2022-12-13T13:43:31","slug":"dostava-lokalne-hrane-v-apartmaje","status":"publish","type":"page","link":"https:\/\/lokalno.je\/pot-do-lokalne-hrane\/dostava-lokalne-hrane-v-apartmaje\/","title":{"rendered":"Dostava lokalne hrane v apartmaje"},"content":{"rendered":"<p>[vc_row css=&#8221;.vc_custom_1656678083911{padding-top: 50px !important;padding-bottom: 50px !important;}&#8221;][vc_column]<div class=\"text-center  organiko-title-tpl1 specialLineHeihght\">            <span class=\"organiko-subtitle\" ><\/span>\n            <h2 class=\"organiko-title\" >\n                Preglej ponudbo lokalne hrane in si jo z nekaj kliki naro\u010di v nastanitev<br \/>\nChoose and order your favourite local food with delivery to the accommodation            <\/h2>\n        <\/div>[\/vc_column][\/vc_row][vc_row][vc_column width=&#8221;1\/4&#8243;][\/vc_column][vc_column width=&#8221;3\/4&#8243;][vc_single_image image=&#8221;2476&#8243; img_size=&#8221;full&#8221; onclick=&#8221;custom_link&#8221; link=&#8221;https:\/\/zelena-tocka.si\/lokalni-izdelki\/&#8221;][\/vc_column][\/vc_row][vc_row][vc_column width=&#8221;1\/4&#8243;][\/vc_column][vc_column width=&#8221;1\/2&#8243;][vc_column_text]Za minimalno naro\u010dilo v vrednosti 20 EUR, ti naro\u010deno dostavimo na \u017eeljeno lokacijo v Pomurju (na na\u010din dostave na dom). Dostave potekajo ob ponedeljkih, sredah in petkih v dopoldanskem \u010dasu. Vse potrebne informacije in pogoji so navedeni v splo\u0161nih pogojih na spletni strani: <a href=\"https:\/\/zelena-tocka.si\/\">https:\/\/zelena-tocka.si\/<\/a>[\/vc_column_text][\/vc_column][vc_column width=&#8221;1\/4&#8243;][\/vc_column][\/vc_row][vc_row][vc_column width=&#8221;1\/4&#8243;][\/vc_column][vc_column width=&#8221;1\/2&#8243;][vc_column_text]The minimum order value is 20 \u20ac, and we deliver the ordered items to the desired location in Pomurje (home delivery).<br \/>\nDelivery costs, including VAT, amount to 1 \u20ac for delivery within the municipality of Murska Sobota and 2 \u20ac for delivery outside the city of Murska Sobota.<br \/>\nDeliveries are made on Mondays, Wednesdays and Fridays in the morning. All necessary information and conditions are listed in the general conditions on the website: <a href=\"https:\/\/zelena-tocka.si\/\">https:\/\/zelena-tocka.si\/<\/a>[\/vc_column_text][\/vc_column][vc_column width=&#8221;1\/4&#8243;][\/vc_column][\/vc_row][vc_row css=&#8221;.vc_custom_1656678612655{padding-top: 50px !important;padding-bottom: 50px !important;}&#8221;][vc_column width=&#8221;1\/4&#8243;][\/vc_column][vc_column width=&#8221;1\/2&#8243;]<div class=\"text-center  organiko-title-tpl1 \">            <span class=\"organiko-subtitle\" ><\/span>\n            <h2 class=\"organiko-title\" >\n                O projektu            <\/h2>\n        <\/div>[\/vc_column][vc_column width=&#8221;1\/4&#8243;][\/vc_column][\/vc_row][vc_row][vc_column width=&#8221;1\/4&#8243;][\/vc_column][vc_column width=&#8221;1\/2&#8243;][vc_column_text]<\/p>\n<h3>Naziv operacije: RAZVOJ STORITEV OB POTEH<\/h3>\n<p>Akronim: POTI<\/p>\n<p>Za\u010detek operacije: 1. 5. 2021<\/p>\n<p>Zaklju\u010dek operacije: 31. 12. 2022<\/p>\n<p>Projekt prina\u0161a novo ponudbo ob poteh, ki se vijejo skozi LAS Gori\u010dko. Na podlagi analize obstoje\u010dih turisti\u010dnih namestitvenih kapacitet na obmo\u010dju LAS-a, se je vklju\u010dilo 5 novih ponudnikov namestitvenih kapacitet pri katerih se v njihovo ponudbo preno\u010di\u0161\u010d vklju\u010di lokalna ponudba hrane. To pomeni, da bodo gostje, ki bodo bivali v teh petih namestitvenih kapacitetah na hiter na\u010din dobili informacijo o ponudbi lokalnih proizvodov katere si bodo preko portala tudi izbrali, naro\u010dili in z mo\u017enostjo dostave tudi prejeli.[\/vc_column_text][\/vc_column][vc_column width=&#8221;1\/4&#8243;][\/vc_column][\/vc_row][vc_row][vc_column width=&#8221;1\/4&#8243;][\/vc_column][vc_column width=&#8221;1\/2&#8243;][vc_column_text]<\/p>\n<p style=\"text-align: center;\">Povezave do spletnih strani:<\/p>\n<p style=\"text-align: center;\"><a href=\"https:\/\/ec.europa.eu\/info\/food-farming-fisheries\/key-policies\/common-agricultural-policy\/rural-development_sl\" target=\"_blank\" rel=\"noopener\">Evropska komisija \u2013 kmetijstvo in razvoj pode\u017eelja<\/a><\/p>\n<p style=\"text-align: center;\"><a href=\"https:\/\/skp.si\/\" target=\"_blank\" rel=\"noopener\">Program razvoja pode\u017eelja<\/a><\/p>\n<p style=\"text-align: center;\"><a href=\"https:\/\/lokalno.je\/pot-do-lokalne-hrane\/wp-content\/uploads\/2022\/07\/razvoj-storitev-po-poteh-predstavitev.pdf\" target=\"_blank\" rel=\"noopener\">Projekt &#8211; Razvoj storitev ob poteh<\/a><\/p>\n<p>[\/vc_column_text][\/vc_column][vc_column width=&#8221;1\/4&#8243;][\/vc_column][\/vc_row][vc_row][vc_column width=&#8221;1\/4&#8243;][\/vc_column][vc_column width=&#8221;1\/2&#8243;][vc_single_image image=&#8221;2412&#8243; img_size=&#8221;full&#8221;][\/vc_column][vc_column width=&#8221;1\/4&#8243;][\/vc_column][\/vc_row][vc_row][vc_column width=&#8221;1\/4&#8243;][\/vc_column][vc_column width=&#8221;1\/4&#8243;][vc_single_image image=&#8221;2392&#8243; img_size=&#8221;full&#8221; el_class=&#8221;smallMobileImage&#8221;][\/vc_column][vc_column width=&#8221;1\/4&#8243;][\/vc_column][vc_column width=&#8221;1\/4&#8243;][\/vc_column][\/vc_row][vc_row css=&#8221;.vc_custom_1656678384439{padding-top: 50px !important;padding-bottom: 50px !important;}&#8221;][vc_column]<div class=\"text-center  organiko-title-tpl1 \">            <span class=\"organiko-subtitle\" ><\/span>\n            <h2 class=\"organiko-title\" >\n                Ponudniki namestitvenih kapacitet            <\/h2>\n        <\/div>[\/vc_column][\/vc_row][vc_row][vc_column width=&#8221;1\/6&#8243;][\/vc_column][vc_column width=&#8221;1\/6&#8243;][vc_single_image image=&#8221;2499&#8243; img_size=&#8221;medium&#8221; onclick=&#8221;custom_link&#8221; img_link_target=&#8221;_blank&#8221; link=&#8221;https:\/\/www.paradise.si\/&#8221; el_class=&#8221;smallMobileImage&#8221;][\/vc_column][vc_column width=&#8221;1\/6&#8243;][vc_single_image image=&#8221;2405&#8243; img_size=&#8221;medium&#8221; onclick=&#8221;custom_link&#8221; img_link_target=&#8221;_blank&#8221; link=&#8221;https:\/\/www.kmetija-camplin.si\/go\/909\/Pocitniska-hisa&#8221; el_class=&#8221;smallMobileImage&#8221;][\/vc_column][vc_column width=&#8221;1\/6&#8243;][vc_single_image image=&#8221;2406&#8243; img_size=&#8221;medium&#8221; onclick=&#8221;custom_link&#8221; img_link_target=&#8221;_blank&#8221; link=&#8221;https:\/\/nabrejgi.si\/&#8221; el_class=&#8221;smallMobileImage&#8221;][\/vc_column][vc_column width=&#8221;1\/6&#8243;][\/vc_column][vc_column width=&#8221;1\/6&#8243;][\/vc_column][\/vc_row][vc_row][vc_column width=&#8221;1\/6&#8243;][\/vc_column][vc_column width=&#8221;1\/6&#8243;][vc_single_image image=&#8221;2404&#8243; img_size=&#8221;medium&#8221; onclick=&#8221;custom_link&#8221; img_link_target=&#8221;_blank&#8221; link=&#8221;http:\/\/honeyapartment.si\/&#8221; el_class=&#8221;smallMobileImage&#8221;][\/vc_column][vc_column width=&#8221;1\/6&#8243;][vc_single_image image=&#8221;2452&#8243; img_size=&#8221;medium&#8221; onclick=&#8221;custom_link&#8221; img_link_target=&#8221;_blank&#8221; link=&#8221;https:\/\/www.zgodbezgorickega.si\/&#8221; el_class=&#8221;smallMobileImage&#8221;][\/vc_column][vc_column width=&#8221;1\/6&#8243;][\/vc_column][vc_column width=&#8221;1\/6&#8243;][\/vc_column][vc_column width=&#8221;1\/6&#8243;][\/vc_column][\/vc_row][vc_row css=&#8221;.vc_custom_1656581729181{padding-top: 50px !important;padding-bottom: 50px !important;}&#8221;][vc_column][vc_cta h2=&#8221;E-navodilo za izvedbo naro\u010dila in vpisa novega ponudnika namestitvenega obrata:&#8221;][\/vc_cta]<div class=\"organiko-button-wrapper video-popup text-center\"><a class=\"action-popup-url ro-play-button btn-color-default btn-style-round btn-size-small\" href=\"https:\/\/lokalno.je\/pot-do-lokalne-hrane\/wp-content\/uploads\/2022\/08\/e-navodila.pdf\"><img loading=\"lazy\" decoding=\"async\" width=\"180\" height=\"180\" src=\"https:\/\/lokalno.je\/pot-do-lokalne-hrane\/wp-content\/uploads\/2022\/08\/pdf-file-document-small.png\" class=\"attachment-full size-full\" alt=\"\" srcset=\"https:\/\/lokalno.je\/pot-do-lokalne-hrane\/wp-content\/uploads\/2022\/08\/pdf-file-document-small.png 180w, https:\/\/lokalno.je\/pot-do-lokalne-hrane\/wp-content\/uploads\/2022\/08\/pdf-file-document-small-150x150.png 150w, https:\/\/lokalno.je\/pot-do-lokalne-hrane\/wp-content\/uploads\/2022\/08\/pdf-file-document-small-100x100.png 100w\" sizes=\"auto, (max-width: 180px) 100vw, 180px\" \/><\/a><\/div>[\/vc_column][\/vc_row][vc_row css=&#8221;.vc_custom_1656581729181{padding-top: 50px !important;padding-bottom: 50px !important;}&#8221;][vc_column]<div class=\"text-center  organiko-title-tpl1 \">            <span class=\"organiko-subtitle\" >Omogo\u010dite va\u0161im gostom dostavo lokalnih proizvodov v va\u0161 apartma<\/span>\n            <h2 class=\"organiko-title\" >\n                Vpis novega ponudnika namestitvenih kapacitet            <\/h2>\n        <\/div>[\/vc_column][\/vc_row][vc_row][vc_column width=&#8221;1\/3&#8243;][\/vc_column][vc_column width=&#8221;1\/3&#8243;]\n<div class=\"wpcf7 no-js\" id=\"wpcf7-f2414-o1\" lang=\"en-US\" dir=\"ltr\" data-wpcf7-id=\"2414\">\n<div class=\"screen-reader-response\"><p role=\"status\" aria-live=\"polite\" aria-atomic=\"true\"><\/p> <ul><\/ul><\/div>\n<form action=\"\/pot-do-lokalne-hrane\/wp-json\/wp\/v2\/pages\/2393#wpcf7-f2414-o1\" method=\"post\" class=\"wpcf7-form init\" aria-label=\"Contact form\" novalidate=\"novalidate\" data-status=\"init\">\n<fieldset class=\"hidden-fields-container\"><input type=\"hidden\" name=\"_wpcf7\" value=\"2414\" \/><input type=\"hidden\" name=\"_wpcf7_version\" value=\"6.1.5\" \/><input type=\"hidden\" name=\"_wpcf7_locale\" value=\"en_US\" \/><input type=\"hidden\" name=\"_wpcf7_unit_tag\" value=\"wpcf7-f2414-o1\" \/><input type=\"hidden\" name=\"_wpcf7_container_post\" value=\"0\" \/><input type=\"hidden\" name=\"_wpcf7_posted_data_hash\" value=\"\" \/><input type=\"hidden\" name=\"_wpcf7_recaptcha_response\" value=\"\" \/>\n<\/fieldset>\n<p><label> Ime in priimek<\/label><span class=\"wpcf7-form-control-wrap\" data-name=\"company-name\"><input size=\"40\" maxlength=\"400\" class=\"wpcf7-form-control wpcf7-text wpcf7-validates-as-required\" aria-required=\"true\" aria-invalid=\"false\" value=\"\" type=\"text\" name=\"company-name\" \/><\/span>\n<\/p>\n<p><label> Naslov<\/label><span class=\"wpcf7-form-control-wrap\" data-name=\"company-address\"><input size=\"40\" maxlength=\"400\" class=\"wpcf7-form-control wpcf7-text wpcf7-validates-as-required\" aria-required=\"true\" aria-invalid=\"false\" value=\"\" type=\"text\" name=\"company-address\" \/><\/span>\n<\/p>\n<p><label> Va\u0161 e-mail<\/label><span class=\"wpcf7-form-control-wrap\" data-name=\"your-email\"><input size=\"40\" maxlength=\"400\" class=\"wpcf7-form-control wpcf7-email wpcf7-validates-as-required wpcf7-text wpcf7-validates-as-email\" aria-required=\"true\" aria-invalid=\"false\" value=\"\" type=\"email\" name=\"your-email\" \/><\/span>\n<\/p>\n<p><label> Opis va\u0161e ponudbe<\/label><span class=\"wpcf7-form-control-wrap\" data-name=\"your-message\"><textarea cols=\"40\" rows=\"10\" maxlength=\"2000\" class=\"wpcf7-form-control wpcf7-textarea\" aria-invalid=\"false\" name=\"your-message\"><\/textarea><\/span>\n<\/p>\n<p><input class=\"wpcf7-form-control wpcf7-submit has-spinner\" type=\"submit\" value=\"Oddaj\" \/>\n<\/p><div class=\"wpcf7-response-output\" aria-hidden=\"true\"><\/div>\n<\/form>\n<\/div>\n[\/vc_column][vc_column width=&#8221;1\/3&#8243;][\/vc_column][\/vc_row]<\/p>\n","protected":false},"excerpt":{"rendered":"<p>[vc_row css=&#8221;.vc_custom_1656678083911{padding-top: 50px !important;padding-bottom: 50px !important;}&#8221;][vc_column][\/vc_column][\/vc_row][vc_row][vc_column width=&#8221;1\/4&#8243;][\/vc_column][vc_column width=&#8221;3\/4&#8243;][vc_single_image image=&#8221;2476&#8243; img_size=&#8221;full&#8221; onclick=&#8221;custom_link&#8221; link=&#8221;https:\/\/zelena-tocka.si\/lokalni-izdelki\/&#8221;][\/vc_column][\/vc_row][vc_row][vc_column width=&#8221;1\/4&#8243;][\/vc_column][vc_column width=&#8221;1\/2&#8243;][vc_column_text]Za minimalno naro\u010dilo v vrednosti 20 EUR, ti naro\u010deno dostavimo na \u017eeljeno lokacijo v Pomurju (na na\u010din dostave na dom). Dostave potekajo ob ponedeljkih, sredah in petkih [&hellip;]<\/p>\n","protected":false},"author":1,"featured_media":0,"parent":0,"menu_order":0,"comment_status":"closed","ping_status":"closed","template":"","meta":{"footnotes":""},"class_list":["post-2393","page","type-page","status-publish","hentry"],"_links":{"self":[{"href":"https:\/\/lokalno.je\/pot-do-lokalne-hrane\/wp-json\/wp\/v2\/pages\/2393","targetHints":{"allow":["GET"]}}],"collection":[{"href":"https:\/\/lokalno.je\/pot-do-lokalne-hrane\/wp-json\/wp\/v2\/pages"}],"about":[{"href":"https:\/\/lokalno.je\/pot-do-lokalne-hrane\/wp-json\/wp\/v2\/types\/page"}],"author":[{"embeddable":true,"href":"https:\/\/lokalno.je\/pot-do-lokalne-hrane\/wp-json\/wp\/v2\/users\/1"}],"replies":[{"embeddable":true,"href":"https:\/\/lokalno.je\/pot-do-lokalne-hrane\/wp-json\/wp\/v2\/comments?post=2393"}],"version-history":[{"count":5,"href":"https:\/\/lokalno.je\/pot-do-lokalne-hrane\/wp-json\/wp\/v2\/pages\/2393\/revisions"}],"predecessor-version":[{"id":2511,"href":"https:\/\/lokalno.je\/pot-do-lokalne-hrane\/wp-json\/wp\/v2\/pages\/2393\/revisions\/2511"}],"wp:attachment":[{"href":"https:\/\/lokalno.je\/pot-do-lokalne-hrane\/wp-json\/wp\/v2\/media?parent=2393"}],"curies":[{"name":"wp","href":"https:\/\/api.w.org\/{rel}","templated":true}]}}