{"id":1269,"date":"2018-01-08T04:03:11","date_gmt":"2018-01-08T04:03:11","guid":{"rendered":"http:\/\/organiko.jwsuperthemes.com\/?page_id=1269"},"modified":"2018-11-19T12:44:40","modified_gmt":"2018-11-19T12:44:40","slug":"o-projektu","status":"publish","type":"page","link":"https:\/\/lokalno.je\/pot-do-lokalne-hrane\/o-projektu\/","title":{"rendered":"O projektu"},"content":{"rendered":"<p>[vc_row][vc_column]<div class=\"text-center  organiko-title-tpl1 \">            <span class=\"organiko-subtitle\" ><\/span>\n            <h2 class=\"organiko-title\" >\n                            <\/h2>\n        <\/div>[vc_empty_space][vc_row_inner el_class=&#8221;tb-about&#8221; css=&#8221;.vc_custom_1515392679501{margin-top: 62px !important;margin-bottom: 65px !important;}&#8221;][vc_column_inner width=&#8221;5\/12&#8243;][vc_single_image image=&#8221;2084&#8243; img_size=&#8221;full&#8221; alignment=&#8221;center&#8221;][\/vc_column_inner][vc_column_inner width=&#8221;7\/12&#8243;][vc_column_text el_class=&#8221;tb-about&#8221;]Projekt <strong>POT DO LOKALNE HRANE<\/strong> je bil leta 2017 uspe\u0161no prijavljen na JAVNI POZIV za izbor operacij za uresni\u010devanje ciljev Strategije lokalnega razvoja \u00bbLAS Gori\u010dko 2020\u00ab v letu 2017. Nalo\u017ebo sofinancirata Evropska unija iz Evropskega sklada za regionalni razvoj in RS.<\/p>\n<p>Na jedilnikih javnih zavodov in drugih organizacij na obmo\u010dju LAS Gori\u010dko redko najdemo lokalno hrano. Doma\u010da pridelava ni primerno organizirana in je kot taka, razdrobljena, za organizatorje prehrane v javnih zavodih in drugih in\u0161titucijah nezanimiva, saj njena nabava zahteva preve\u010d \u010dasa za zbiranje ponudb, iskanje in dogovarjanje z malimi in razdrobljenimi ponudniki na pode\u017eelju. Trenutno stanje na trgu s pridom izkori\u0161\u010dajo trgovski posredniki, ki pa v ve\u010dini ne zagotavljajo lokalne hrane visoke kakovosti, ampak je pri tem pomembna predvsem \u010dim ni\u017eja cena. Za uspe\u0161no vpeljevanje lokalne hrane na jedilnike \u0161ol, vrtcev in drugih javnih in\u0161titucij ter drugih organizacij, manjka pomemben povezovalni \u010dlen med ponudbo in povpra\u0161evanjem. Z operacijo bo vzpostavljen manjkajo\u010di \u010dlen v okolju, ki bo temeljil na partnerstvu organizacij iz razli\u010dnih sektorjev in na kratki dobavni verigi ter bo omogo\u010dal prenos informacij od lokalnih ponudnikov hrane v okolju, do javnih zavodov ter drugih organizacij in obratno ter bo omogo\u010dal plasiranje lokalne hrane do omenjenih in\u0161titucij.<\/p>\n<p>Projekt se izvaja na obmo\u010dju LAS Gori\u010dko na obmo\u010dju naslednjih naselij: Cankova, Gornji Petrovci, Grad, Hodo\u0161, Kuzma, Moravske Toplice, Puconci, \u0160alovci, Sveti Jurij, Ti\u0161ina, Bakovci, Krog in Raki\u010dan.<\/p>\n<h3>GLAVNE DEJAVNOSTI:<\/h3>\n<ul>\n<li>delavnice\/izobra\u017eevanja za posamezne ciljne skupine (ravnatelje, kuharje, organizatorje prehrane, star\u0161e, otroke, odjemalce in pridelovalce\/ponudnike\u2026..)<\/li>\n<li>analiza stanja lokalnih ponudnikov<\/li>\n<li>izvedba pilotne dostave lokalne hrane<\/li>\n<li>vzpostavitev portala ponudbe in povpra\u0161evanja<\/li>\n<li>razvoj priro\u010dnika za pomo\u010d drugim akterjem na obmo\u010dju, da se pove\u017eejo v podobna partnerstva<\/li>\n<\/ul>\n<h3>CILJI PROJEKTA:<\/h3>\n<ul>\n<li>vzpostaviti novo lokalno storitev oskrbe z lokalno hrano v obliki kratke dobavne verige s spletnim portalom<\/li>\n<li>vklju\u010ditev novih lokalnih ponudnikov v skupno prodajo na obmo\u010dju LAS Gori\u010dko<\/li>\n<li>pove\u010dati dele\u017e lokalne hrane v javnih zavodih in ostalih ustanovah na obmo\u010dju LAS Gori\u010dko.<\/li>\n<\/ul>\n<p>Celotna vrednost projekta zna\u0161a 74.686,00\u20ac od tega sredstva ESRR IN RS 59.748,80\u20ac.<\/p>\n<p>Povezava na spletno stran evropske kohezijske politike v Sloveniji\u00a0<a href=\"http:\/\/www.eu-skladi.si\/\" target=\"_blank\" rel=\"noopener\" data-saferedirecturl=\"https:\/\/www.google.com\/url?q=http:\/\/www.eu-skladi.si&amp;source=gmail&amp;ust=1539247698955000&amp;usg=AFQjCNH0RfXOu74O5qqxX6zt1X023Bzn-w\">www.eu-skladi.si<\/a>\u00a0;<\/p>\n<p>Povezavo na spletno stran Ministrstva za gospodarski razvoj in tehnologijo\u00a0<a href=\"http:\/\/www.mgrt.gov.si\/\" target=\"_blank\" rel=\"noopener\" data-saferedirecturl=\"https:\/\/www.google.com\/url?q=http:\/\/www.mgrt.gov.si&amp;source=gmail&amp;ust=1539247698955000&amp;usg=AFQjCNF2SmsHIqMSorzt1_WynmWC2jFlRQ\">www.mgrt.gov.si<\/a>;<\/p>\n<p>Povezavo na spletno stran LAS Gori\u010dko 2020\u00a0<a href=\"http:\/\/www.las-goricko.si\/prva-stran\" target=\"_blank\" rel=\"noopener\" data-saferedirecturl=\"https:\/\/www.google.com\/url?q=http:\/\/www.las-goricko.si\/prva-stran&amp;source=gmail&amp;ust=1539247698955000&amp;usg=AFQjCNHtPV0zxkslWUi0R8JR2B9ONy2HNg\">www.las-goricko.si\/prva-stran<\/a><\/p>\n<ul>\n<li><strong><a href=\"https:\/\/lokalno.je\/pot-do-lokalne-hrane\/wp-content\/uploads\/2018\/11\/PLAN-ZA-TESTNO-IZVEDBO-KRATKE-DOBAVNE-VERIGE.pdf\" target=\"_blank\" rel=\"noopener\">PLAN ZA TESTNO IZVEDBO KRATKE DOBAVNE VERIGE<\/a><\/strong><\/li>\n<li><strong><a href=\"https:\/\/lokalno.je\/pot-do-lokalne-hrane\/wp-content\/uploads\/2018\/11\/PORO\u010cILO-O-PILOTNI-IZVEDBI-KRATKE-VERIGE.pdf\" target=\"_blank\" rel=\"noopener\">PORO\u010cILO O PILOTNI IZVEDBI KRATKE VERIGE<\/a><\/strong><\/li>\n<li><strong><a href=\"https:\/\/lokalno.je\/pot-do-lokalne-hrane\/wp-content\/uploads\/2018\/11\/PRAVILA-Z-NAVODILI-ZA-VKLJU\u010cITEV-V-KRATKO-VERIGO.pdf\" target=\"_blank\" rel=\"noopener\">PRAVILA Z NAVODILI ZA VKLJU\u010cITEV V KRATKO VERIGO<\/a><\/strong><\/li>\n<li><strong><a href=\"https:\/\/lokalno.je\/pot-do-lokalne-hrane\/wp-content\/uploads\/2018\/11\/PRIRO\u010cNIK-ZA-VZPOSTAVITEV-KRATKE-DOBAVNE-VERIGE.pdf\" target=\"_blank\" rel=\"noopener\">PRIRO\u010cNIK ZA VZPOSTAVITEV KRATKE DOBAVNE VERIGE<\/a><\/strong><\/li>\n<li><a href=\"https:\/\/ejn.gov.si\/ponudba\/pages\/aktualno\/aktualna_javna_narocila.xhtml\" target=\"_blank\" rel=\"noopener\"><em>https:\/\/ejn.gov.si\/ponudba\/pages\/aktualno\/aktualna_javna_narocila.xhtml<\/em><\/a><\/li>\n<\/ul>\n<p>[\/vc_column_text][\/vc_column_inner][\/vc_row_inner][\/vc_column][\/vc_row]<\/p>\n","protected":false},"excerpt":{"rendered":"<p>[vc_row][vc_column][vc_empty_space][vc_row_inner el_class=&#8221;tb-about&#8221; css=&#8221;.vc_custom_1515392679501{margin-top: 62px !important;margin-bottom: 65px !important;}&#8221;][vc_column_inner width=&#8221;5\/12&#8243;][vc_single_image image=&#8221;2084&#8243; img_size=&#8221;full&#8221; alignment=&#8221;center&#8221;][\/vc_column_inner][vc_column_inner width=&#8221;7\/12&#8243;][vc_column_text el_class=&#8221;tb-about&#8221;]Projekt POT DO LOKALNE HRANE je bil leta 2017 uspe\u0161no prijavljen na JAVNI POZIV za izbor operacij za uresni\u010devanje ciljev Strategije lokalnega razvoja \u00bbLAS Gori\u010dko 2020\u00ab v letu [&hellip;]<\/p>\n","protected":false},"author":1,"featured_media":0,"parent":0,"menu_order":0,"comment_status":"closed","ping_status":"closed","template":"","meta":{"footnotes":""},"class_list":["post-1269","page","type-page","status-publish","hentry"],"_links":{"self":[{"href":"https:\/\/lokalno.je\/pot-do-lokalne-hrane\/wp-json\/wp\/v2\/pages\/1269","targetHints":{"allow":["GET"]}}],"collection":[{"href":"https:\/\/lokalno.je\/pot-do-lokalne-hrane\/wp-json\/wp\/v2\/pages"}],"about":[{"href":"https:\/\/lokalno.je\/pot-do-lokalne-hrane\/wp-json\/wp\/v2\/types\/page"}],"author":[{"embeddable":true,"href":"https:\/\/lokalno.je\/pot-do-lokalne-hrane\/wp-json\/wp\/v2\/users\/1"}],"replies":[{"embeddable":true,"href":"https:\/\/lokalno.je\/pot-do-lokalne-hrane\/wp-json\/wp\/v2\/comments?post=1269"}],"version-history":[{"count":26,"href":"https:\/\/lokalno.je\/pot-do-lokalne-hrane\/wp-json\/wp\/v2\/pages\/1269\/revisions"}],"predecessor-version":[{"id":2284,"href":"https:\/\/lokalno.je\/pot-do-lokalne-hrane\/wp-json\/wp\/v2\/pages\/1269\/revisions\/2284"}],"wp:attachment":[{"href":"https:\/\/lokalno.je\/pot-do-lokalne-hrane\/wp-json\/wp\/v2\/media?parent=1269"}],"curies":[{"name":"wp","href":"https:\/\/api.w.org\/{rel}","templated":true}]}}